{"version":"1.0","provider_name":"Galerija umjetnina","provider_url":"https:\/\/galerijakaptol.hr","title":"IVAN GENERALI\u0106 - Galerija umjetnina","type":"rich","width":600,"height":338,"html":"<blockquote class=\"wp-embedded-content\" data-secret=\"Pj8GyuOlN5\"><a href=\"https:\/\/galerijakaptol.hr\/index.php\/2023\/09\/12\/ivan-generalic\/\">IVAN GENERALI\u0106<\/a><\/blockquote><iframe sandbox=\"allow-scripts\" security=\"restricted\" src=\"https:\/\/galerijakaptol.hr\/index.php\/2023\/09\/12\/ivan-generalic\/embed\/#?secret=Pj8GyuOlN5\" width=\"600\" height=\"338\" title=\"&#8220;IVAN GENERALI\u0106&#8221; &#8212; Galerija umjetnina\" data-secret=\"Pj8GyuOlN5\" frameborder=\"0\" marginwidth=\"0\" marginheight=\"0\" scrolling=\"no\" class=\"wp-embedded-content\"><\/iframe><script>\n\/*! This file is auto-generated *\/\n!function(d,l){\"use strict\";l.querySelector&&d.addEventListener&&\"undefined\"!=typeof URL&&(d.wp=d.wp||{},d.wp.receiveEmbedMessage||(d.wp.receiveEmbedMessage=function(e){var t=e.data;if((t||t.secret||t.message||t.value)&&!\/[^a-zA-Z0-9]\/.test(t.secret)){for(var s,r,n,a=l.querySelectorAll('iframe[data-secret=\"'+t.secret+'\"]'),o=l.querySelectorAll('blockquote[data-secret=\"'+t.secret+'\"]'),c=new RegExp(\"^https?:$\",\"i\"),i=0;i<o.length;i++)o[i].style.display=\"none\";for(i=0;i<a.length;i++)s=a[i],e.source===s.contentWindow&&(s.removeAttribute(\"style\"),\"height\"===t.message?(1e3<(r=parseInt(t.value,10))?r=1e3:~~r<200&&(r=200),s.height=r):\"link\"===t.message&&(r=new URL(s.getAttribute(\"src\")),n=new URL(t.value),c.test(n.protocol))&&n.host===r.host&&l.activeElement===s&&(d.top.location.href=t.value))}},d.addEventListener(\"message\",d.wp.receiveEmbedMessage,!1),l.addEventListener(\"DOMContentLoaded\",function(){for(var e,t,s=l.querySelectorAll(\"iframe.wp-embedded-content\"),r=0;r<s.length;r++)(t=(e=s[r]).getAttribute(\"data-secret\"))||(t=Math.random().toString(36).substring(2,12),e.src+=\"#?secret=\"+t,e.setAttribute(\"data-secret\",t)),e.contentWindow.postMessage({message:\"ready\",secret:t},\"*\")},!1)))}(window,document);\n\/\/# sourceURL=https:\/\/galerijakaptol.hr\/wp-includes\/js\/wp-embed.min.js\n<\/script>\n","thumbnail_url":"https:\/\/galerijakaptol.hr\/wp-content\/uploads\/2023\/09\/IVAN-GENERALIC-Seoska-festa.jpg","thumbnail_width":624,"thumbnail_height":519,"description":"Generali\u0107, Ivan,\u00a0hrvatski\u00a0naivni slikar\u00a0(Hlebine,\u00a021.\u00a0XII.\u00a01914\u00a0\u2013\u00a0Koprivnica,\u00a027.\u00a0XI.\u00a01992). Po zanimanju poljodjelac, sredi\u0161nja li\u010dnost hlebinske slikarske \u0161kole. Njegovu nadarenost uo\u010dio je K. Hegedu\u0161i\u0107 koji ga je uputio u osnove slikarskog umije\u0107a. Prvi je put izlagao s skupinom\u00a0Zemlja\u00a01931. crte\u017ee i akvarele koje karakterizira socijalnokriti\u010dki realizam blizak te\u017enjama skupine (Zima u Hlebinama,\u00a01931;\u00a0Tu\u010dnjava na pro\u0161tenju,\u00a01933). Poslije je slikao ve\u0107inom na staklu uljem ili temperom narativne motive iz \u017eivota na selu i rada u polju, podravske krajolike i mrtve prirode (Sprovod \u0160tefa Hala\u010deka,\u00a01934;\u00a0Ciganski svati,\u00a01936;\u00a0U \u0161umi,\u00a01938;\u00a0Otok,\u00a01940;\u00a0Mrtvi pevec,\u00a01954;\u00a0Smrt mog prijatelja Viriusa, Drvosje\u010de\u00a0i\u00a0Jelenski svati,\u00a0sve naslikane 1959). Nakon 1970. mijenja morfologiju i na\u010din slikanja priklanjaju\u0107i se simboli\u010dkim i egzistencijalnim sadr\u017eajima, a na gotovo monokromnim slikama pojedinosti uve\u0107ava do monumentalnih razmjera (Autoportret,\u00a01975).U tehnici i tematici Generali\u0107 povezuje razli\u010dite elemente: od pu\u010dkoga likovnoga govora, folkornoga slikanja na staklu i Breugelova neposrednog realizma do poetskoga naivizma H. Rousseaua i nadrealizma, koje nadopunjuje vlastitim zahvatom u zbilju seoskoga \u017eivota. Figure su na njegovim slikama rustikalne i gotovo plo\u0161ne, smje\u0161tene uglavnom u prednjem planu slike s poetiziranim krajolikom u pozadini, koje donosi minuciozno s mnogo detalja, osobito koraljne kro\u0161nje stabala koje postaju oznakom njegova stila. Posebnu pozornost pridaje perspektivi i prostoru, a u koloritu se isti\u010du istan\u010dani tonski prijelazi. Njegov opus jedna je od najizvornijih pojava u suvremenome hrvatskom slikarstvu."}

IVAN GENERALIĆ - Galerija umjetnina

<blockquote class="wp-embedded-content" data-secret="Pj8GyuOlN5"><a href="https://galerijakaptol.hr/index.php/2023/09/12/ivan-generalic/">IVAN GENERALIĆ</a></blockquote><iframe sandbox="allow-scripts" security="restricted" src="https://galerijakaptol.hr/index.php/2023/09/12/ivan-generalic/embed/#?secret=Pj8GyuOlN5" width="600" height="338" title="&#8220;IVAN GENERALIĆ&#8221; &#8212; Galerija umjetnina" data-secret="Pj8GyuOlN5" frameborder="0" marginwidth="0" marginheight="0" scrolling="no" class="wp-embedded-content"></iframe><script>
/*! This file is auto-generated */
!function(d,l){"use strict";l.querySelector&&d.addEventListener&&"undefined"!=typeof URL&&(d.wp=d.wp||{},d.wp.receiveEmbedMessage||(d.wp.receiveEmbedMessage=function(e){var t=e.data;if((t||t.secret||t.message||t.value)&&!/[^a-zA-Z0-9]/.test(t.secret)){for(var s,r,n,a=l.querySelectorAll('iframe[data-secret="'+t.secret+'"]'),o=l.querySelectorAll('blockquote[data-secret="'+t.secret+'"]'),c=new RegExp("^https?:$","i"),i=0;i<o.length;i++)o[i].style.display="none";for(i=0;i<a.length;i++)s=a[i],e.source===s.contentWindow&&(s.removeAttribute("style"),"height"===t.message?(1e3<(r=parseInt(t.value,10))?r=1e3:~~r<200&&(r=200),s.height=r):"link"===t.message&&(r=new URL(s.getAttribute("src")),n=new URL(t.value),c.test(n.protocol))&&n.host===r.host&&l.activeElement===s&&(d.top.location.href=t.value))}},d.addEventListener("message",d.wp.receiveEmbedMessage,!1),l.addEventListener("DOMContentLoaded",function(){for(var e,t,s=l.querySelectorAll("iframe.wp-embedded-content"),r=0;r<s.length;r++)(t=(e=s[r]).getAttribute("data-secret"))||(t=Math.random().toString(36).substring(2,12),e.src+="#?secret="+t,e.setAttribute("data-secret",t)),e.contentWindow.postMessage({message:"ready",secret:t},"*")},!1)))}(window,document);
//# sourceURL=https://galerijakaptol.hr/wp-includes/js/wp-embed.min.js
</script>

Generalić, Ivan, hrvatski naivni slikar (Hlebine, 21. XII. 1914 – Koprivnica, 27. XI. 1992). Po zanimanju poljodjelac, središnja ličnost hlebinske slikarske škole. Njegovu nadarenost uočio je K. Hegedušić koji ga je uputio u osnove slikarskog umijeća. Prvi je put izlagao s skupinom Zemlja 1931. crteže i akvarele koje karakterizira socijalnokritički realizam blizak težnjama skupine (Zima u Hlebinama, 1931; Tučnjava na proštenju, 1933). Poslije je slikao većinom na staklu uljem ili temperom narativne motive iz života na selu i rada u polju, podravske krajolike i mrtve prirode (Sprovod Štefa Halačeka, 1934; Ciganski svati, 1936; U šumi, 1938; Otok, 1940; Mrtvi pevec, 1954; Smrt mog prijatelja Viriusa, Drvosječe i Jelenski svati, sve naslikane 1959). Nakon 1970. mijenja morfologiju i način slikanja priklanjajući se simboličkim i egzistencijalnim sadržajima, a na gotovo monokromnim slikama pojedinosti uvećava do monumentalnih razmjera (Autoportret, 1975).U tehnici i tematici Generalić povezuje različite elemente: od pučkoga likovnoga govora, folkornoga slikanja na staklu i Breugelova neposrednog realizma do poetskoga naivizma H. Rousseaua i nadrealizma, koje nadopunjuje vlastitim zahvatom u zbilju seoskoga života. Figure su na njegovim slikama rustikalne i gotovo plošne, smještene uglavnom u prednjem planu slike s poetiziranim krajolikom u pozadini, koje donosi minuciozno s mnogo detalja, osobito koraljne krošnje stabala koje postaju oznakom njegova stila. Posebnu pozornost pridaje perspektivi i prostoru, a u koloritu se ističu istančani tonski prijelazi. Njegov opus jedna je od najizvornijih pojava u suvremenome hrvatskom slikarstvu.
